{"id":10992,"date":"2022-11-03T10:59:39","date_gmt":"2022-11-03T10:59:39","guid":{"rendered":"http:\/\/socialivx.web.ua.pt\/?page_id=10992"},"modified":"2025-03-11T19:10:43","modified_gmt":"2025-03-11T19:10:43","slug":"joao-rangel","status":"publish","type":"page","link":"https:\/\/socialivx.web.ua.pt\/index.php\/joao-rangel\/","title":{"rendered":"Jo\u00e3o Rangel"},"content":{"rendered":"<div id=\"pl-10992\"  class=\"panel-layout\" ><div id=\"pg-10992-0\"  class=\"panel-grid panel-no-style\"  style=\"margin-bottom: 50px\" ><div id=\"pgc-10992-0-0\"  class=\"panel-grid-cell\" ><div id=\"panel-10992-0-0-0\" class=\"so-panel widget_themegrill_suffice_team tg-team-container panel-first-child panel-last-child\" data-index=\"0\" ><div class=\"team-member team-bubble\">\n\t<div class=\"team-member-inner\">\n\t\t<figure class=\"team-member-thumbnail\">\n\t\t\t<span class=\"team-bubble-one\"><\/span>\n\t\t\t<span class=\"team-bubble-two\"><\/span>\n\t\t\t\t\t\t\t<div class=\"team-member-thumbnail-inner\">\n\t\t\t\t\t<img decoding=\"async\" src=\"http:\/\/socialivx.web.ua.pt\/wp-content\/uploads\/2022\/11\/imagem.jpg\" alt=\"\" \/>\n\t\t\t\t<\/div>\n\t\t\t\t\t\t\t\t<\/figure>\n\t\t<div class=\"team-member-description\">\n\t\t\t\t\t\t\t\t\t\t\t<\/div>\n\t<\/div> <!-- .team-member-inner -->\n<\/div> <!-- end team-member -->\n<\/div><\/div><div id=\"pgc-10992-0-1\"  class=\"panel-grid-cell\" ><div id=\"panel-10992-0-1-0\" class=\"so-panel widget_text panel-first-child panel-last-child\" data-index=\"1\" >\t\t\t<div class=\"textwidget\"><p style=\"padding-left: 5px; text-align: justify;\"><span style=\"vertical-align: inherit;\">Jo\u00e3o Encarna\u00e7\u00e3o has a degree in New Communication Technologies at the University of Aveiro and is currently in his second year of his Masters in Multimedia Communication. He is currently part of the TRUE project, a project that aims to develop a digiital platform to support news writing. His interests are in web development, both front-end and back-end.<\/span><\/p>\n<p style=\"padding-left: 5px;\"><span style=\"vertical-align: inherit;\"><a href=\"https:\/\/www.researchgate.net\/profile\/Joao_Rangel3\" target=\"_blank\" rel=\"noopener\">ResearchGate<\/a> | <a href=\"jrangel925@gmail.com\">E-mail<\/a> <\/span><\/p>\n<\/div>\n\t\t<\/div><\/div><\/div><\/div>","protected":false},"excerpt":{"rendered":"<p>Jo\u00e3o Encarna\u00e7\u00e3o has a degree in New Communication Technologies at the University of Aveiro and is currently in his second year of his Masters in Multimedia Communication. He is currently part of the TRUE project, a project that aims to<\/p>\n","protected":false},"author":4,"featured_media":0,"parent":0,"menu_order":0,"comment_status":"closed","ping_status":"closed","template":"","meta":{"editor_plus_copied_stylings":"{}","footnotes":""},"class_list":["post-10992","page","type-page","status-publish","hentry"],"_links":{"self":[{"href":"https:\/\/socialivx.web.ua.pt\/index.php\/wp-json\/wp\/v2\/pages\/10992","targetHints":{"allow":["GET"]}}],"collection":[{"href":"https:\/\/socialivx.web.ua.pt\/index.php\/wp-json\/wp\/v2\/pages"}],"about":[{"href":"https:\/\/socialivx.web.ua.pt\/index.php\/wp-json\/wp\/v2\/types\/page"}],"author":[{"embeddable":true,"href":"https:\/\/socialivx.web.ua.pt\/index.php\/wp-json\/wp\/v2\/users\/4"}],"replies":[{"embeddable":true,"href":"https:\/\/socialivx.web.ua.pt\/index.php\/wp-json\/wp\/v2\/comments?post=10992"}],"version-history":[{"count":6,"href":"https:\/\/socialivx.web.ua.pt\/index.php\/wp-json\/wp\/v2\/pages\/10992\/revisions"}],"predecessor-version":[{"id":11013,"href":"https:\/\/socialivx.web.ua.pt\/index.php\/wp-json\/wp\/v2\/pages\/10992\/revisions\/11013"}],"wp:attachment":[{"href":"https:\/\/socialivx.web.ua.pt\/index.php\/wp-json\/wp\/v2\/media?parent=10992"}],"curies":[{"name":"wp","href":"https:\/\/api.w.org\/{rel}","templated":true}]}}

João Rangel

<div id="pl-10992"  class="panel-layout" ><div id="pg-10992-0"  class="panel-grid panel-no-style"  style="margin-bottom: 50px" ><div id="pgc-10992-0-0"  class="panel-grid-cell" ><div id="panel-10992-0-0-0" class="so-panel widget_themegrill_suffice_team tg-team-container panel-first-child panel-last-child" data-index="0" ><div class="team-member team-bubble">
	<div class="team-member-inner">
		<figure class="team-member-thumbnail">
			<span class="team-bubble-one"></span>
			<span class="team-bubble-two"></span>
							<div class="team-member-thumbnail-inner">
					<img decoding="async" src="http://socialivx.web.ua.pt/wp-content/uploads/2022/11/imagem.jpg" alt="" />
				</div>
								</figure>
		<div class="team-member-description">
											</div>
	</div> <!-- .team-member-inner -->
</div> <!-- end team-member -->
</div></div><div id="pgc-10992-0-1"  class="panel-grid-cell" ><div id="panel-10992-0-1-0" class="so-panel widget_text panel-first-child panel-last-child" data-index="1" >			<div class="textwidget"><p style="padding-left: 5px; text-align: justify;"><span style="vertical-align: inherit;">João Encarnação has a degree in New Communication Technologies at the University of Aveiro and is currently in his second year of his Masters in Multimedia Communication. He is currently part of the TRUE project, a project that aims to develop a digiital platform to support news writing. His interests are in web development, both front-end and back-end.</span></p>
<p style="padding-left: 5px;"><span style="vertical-align: inherit;"><a href="https://www.researchgate.net/profile/Joao_Rangel3" target="_blank" rel="noopener">ResearchGate</a> | <a href="jrangel925@gmail.com">E-mail</a> </span></p>
</div>
		</div></div></div></div>

<p>João Encarnação has a degree in New Communication Technologies at the University of Aveiro and is currently in his second year of his Masters in Multimedia Communication. He is currently part of the TRUE project, a project that aims to</p>
